undreds digit of t(z)?
3
Suppose 4*p - 5*p = -k, -3*p + 24 = 3*k. Suppose -f + k*y = -194, -3*f - 4*y = -y - 597. What is the tens digit of f?
9
Suppose 77*h + 133*h - 672210 = 0. What is the hundreds digit of h?
2
Suppose 44*a - 404008 = -44*a. What is the thousands digit of a?
4
Let c(s) = -s + 4. Let y be c(3). Let f be 32/208 - y*(-89)/13. Suppose -2*w + f = -27. What is the tens digit of w?
1
Suppose 83*d + 64*d - 169*d = -154968. What is the hundreds digit of d?
0
Let u = -75 - -36. Let l = u - -37. What is the units digit of 46 - -5 - (-2)/l?
0
Suppose 5*x = -5*q - 19 + 4, -2*x = -2. Let v(i) = 27*i**2 + 7*i - 12. What is the tens digit of v(q)?
9
Let c = 28 + -24. Let m = 13 - c. Suppose -m = -10*o + 41. What is the units digit of o?
5
Let j be -3 + (-9)/(-2)*(-8)/(-12). Suppose 2*b + 0*b - 641 = -5*t, 4*t - 2*b - 520 = j. What is the units digit of t?
9
Let q = -33 + 38. Let y be q*(3 - (-495)/25). Suppose 5*v = 2*x - 219, -3*v = -x + v + y. What is the units digit of x?
2
Let g(f) = 2*f**2 - 2*f - 17. Let r be g(0). Let u = r + 113. Suppose -2*z + 237 = -5*o, -z + 35 + u = -5*o. What is the hundreds digit of z?
1
Let z(q) be the third derivative of -q**6/120 + 11*q**5/60 + q**4/6 - 3*q**3 - 41*q**2. Let j be z(11). Suppose 25*r = j*r - 9. What is the units digit of r?
9
Suppose -67*b = -68*b. Suppose -2*m + 5*w - 42 = b, 0 = 3*m - 7*m - 2*w - 36. Let p(v) = v**2 + 5*v + 25. What is the tens digit of p(m)?
9
Let b = -2132 - -3973. What is the hundreds digit of b?
8
Suppose 0*r - 5*x = 4*r - 7, 2*r - x = 21. Suppose -4*h + 2262 = 3*s, -1488 = -2*s + 12*h - r*h. What is the hundreds digit of s?
7
Suppose -3*l + 24 = 18. Let t be 1 + l + (-1)/(-1). Suppose s + t*s = 3*p + 214, 5*s + 4*p = 228. What is the tens digit of s?
4
Let d = 480 + 1283. Let o = -1187 + d. What is the hundreds digit of o?
5
Let y(d) = -431*d + 105. What is the hundreds digit of y(-10)?
4
Let t = 3686 + -2184. Suppose -4*w + u = -t, -2 = -u - 4. What is the hundreds digit of w?
3
Let p be (1*-2)/(28/(-490)). Suppose -3*v + p*k = 40*k - 452, 0 = -2*v - 4*k + 304. What is the tens digit of v?
4
What is the tens digit of 125524/(126/9) + -7?
5
Let i(n) = 712*n**2 + 26*n + 27. Let u = 291 - 292. What is the units digit of i(u)?
3
Let z(k) = 5*k**2 + 8*k + 6. Let s be z(-2). Let b be ((-135)/s)/((-1)/4). Suppose -70*i + b = -67*i. What is the tens digit of i?
1
Let d be 20 + -10 + -7 - (1 - 193). What is the tens digit of d + 7 + 15/(-3)?
9
Suppose -52*j + 287155 = -66497. What is the tens digit of j?
0
Let r(c) = c**2 + 2*c + 6. Let k be r(4). Let a(y) = -132 + 3*y - y**2 + 72 - k*y**3 + 62. What is the units digit of a(-2)?
2
Let b = -11867 - -20787. What is the thousands digit of b?
8
Let d(u) = -u**3 + 14*u**2 + 2*u + 0*u**3 - u**3 - 3*u. Let v = 237 + -231. What is the units digit of d(v)?
6
Let y = 2150 + -103. What is the units digit of y?
7
Let k(y) = -2*y + 17. Let d be k(8). Suppose -2*p - 4 = h, -p - 4*h + 2*h + d = 0. What is the hundreds digit of (-593)/p - 2 - 14/21?
1
Let l(m) = -8*m + 29. Let k be l(-7). Let v = k + -84. What is the tens digit of -393*-3*v/9?
3
Let j = 13581 + -737. What is the hundreds digit of j?
8
Let k(j) = -7*j - 51 + 21 + 0*j + j. Let v be k(-5). What is the tens digit of 4 + (v - (-8 - 1))?
1
What is the hundreds digit of ((-395)/(-3))/(((-33)/207)/(-11))?
0
Let n(r) = 17*r - 342. Let s be n(-20). Let u = 2036 + s. What is the tens digit of u?
5
Suppose 85*y - 19*y - 230410 = 395732. What is the thousands digit of y?
9
Let o(r) = 23*r - 1. Let k = -39 - -40. Let w be o(k). Let y = w + 11. What is the units digit of y?
3
Let o(b) = 311*b**2 - 111*b + 92. What is the hundreds digit of o(-14)?
6
Suppose 5*n = 40, 5*v = -3*n + 4290 - 386. What is the hundreds digit of v?
7
Suppose 0 = -7*q + 12*q - o + 1, 2*q + 2*o + 10 = 0. What is the units digit of q/(1 + 840/(-834))?
9
Let h be 144/(-32)*4/(-6). Suppose 0*k + 734 = -5*p + 3*k, 2*p = -h*k - 302. Let v = p + 301. What is the hundreds digit of v?
1
What is the tens digit of (-2685578)/(-98) + (0 + 2)/14?
0
Let w(y) = 2442*y**2 + 23*y + 28. What is the thousands digit of w(-5)?
0
Let m = 77 - -86. Let y = 34 + m. What is the hundreds digit of y?
1
Let a be (-19308)/(-18) - -3*(-4)/(-36). Suppose 4*m - 897 = -2*g + 173, 0 = -4*m - 5*g + a. What is the units digit of m?
7
Suppose -l + 25133 = -4*v, 5*l - 182946 + 57264 = 3*v. What is the hundreds digit of l?
1
Let k(j) be the second derivative of j**4/12 - j**3/3 + 53*j**2/2 + 22*j. Let c be k(0). Let u = 37 + c. What is the units digit of u?
0
What is the thousands digit of (-2762830)/(-812) + (-5)/2?
3
Let f(m) = -m**3 - 12*m**2 + 12*m + 52. Let d be f(-13). Let x = 53 - 32. Let z = d - x. What is the units digit of z?
4
Suppose 190 = -87*h + 89*h. Suppose -57*y = -h*y + 13452. What is the tens digit of y?
5
Let u(n) = -26 - n - n**2 + 3*n - 21*n**3 + 2*n + 31. Let i be u(-2). Let q = 244 - i. What is the tens digit of q?
8
Let l = -46 - -68. Let z = 21 - l. Let w(h) = -18*h**3 + 2*h**2 - 1. What is the tens digit of w(z)?
1
Suppose -4*t + 16*r = 14*r - 48, -2*r = 4. Suppose 5*h - 4144 = -4*x, x - 6*h - 1036 = -t*h. What is the hundreds digit of x?
0
What is the ten thousands digit of 408729/12 + (-28)/77 + (-27)/(-44)?
3
Let b = 4447 - 2442. Suppose -3*w - b = -5*r, -4*w + 817 = 5*r - 1188. What is the hundreds digit of r?
4
Let y(a) = -a**3 + a**2 + 9*a + 19. Let h = 5 + -2. Let m be (-105)/20 + 1 + h/(-4). What is the hundreds digit of y(m)?
1
Suppose -34*v + 31*v - 66 = 0. Let x be (-6)/8*v - 30/(-20). Let r = 65 - x. What is the units digit of r?
7
Suppose -4*z = 11*p - 78298 - 16043, 4*p = -z + 23579. What is the ten thousands digit of z?
2
Let q(x) = x**3 - x**2 + 2*x + 10127. What is the ten thousands digit of q(0)?
1
Suppose -4*l - 3*i + 46271 = 0, -34656 = 11*l - 14*l + 3*i. What is the tens digit of l?
6
Let b be 1 + -2 - (-2 + 60). Let n be (84/(-56))/((-6)/(-112)). Let o = n - b. What is the units digit of o?
1
Suppose 42*u - 407694 = -0*u. What is the units digit of u?
7
Let b = 5047 - 3451. What is the tens digit of b?
9
What is the units digit of -16 - -23572 - 1 - -15?
0
Suppose -b - 5*a = 21, -5 = -7*b + 4*b + 2*a. What is the units digit of ((-1032)/(-120))/(b/(-25))?
5
Let o = -17539 - -72369. What is the tens digit of o?
3
Suppose -8764*b + 8769*b - 47925 = 0. What is the hundreds digit of b?
5
Let o = -3579 + 5707. What is the tens digit of o?
2
Let h be -236*(-2 + 4/2*2). What is the units digit of (-7)/(2 - 1)*h/8?
3
Let k be 2/4*10*(-204)/(-60). Let i(w) = 28*w + 38. What is the hundreds digit of i(k)?
5
Let z = -298 - -663. Suppose 28*y + 3*l = 27*y + 360, y - z = -4*l. What is the tens digit of y?
4
Let k(x) = 3*x**2 - 11*x - 23. Suppose 5*a = 21*a - 384. What is the tens digit of k(a)?
4
Let s be (-1 - 3) + (4629 - -5)/7. Suppose -7 - 11 = -3*z. Suppose -z*d - d = -s. What is the units digit of d?
4
Let g(z) = -z**3 - 3*z + z + 10*z**2 - 2*z - 17. Suppose 5*x + r = 36, -7 = 2*x - 3*r - 35. What is the units digit of g(x)?
9
Suppose 2*u - 16208 = -2*q, -2*q + u = -5*q + 24318. What is the units digit of q?
7
Suppose 3*y + 2*m - 17365 = 0, 4*y - 5638 = m + 17497. What is the hundreds digit of y?
7
Suppose 8 = 2*j, 4*u + j - 4*j - 252 = 0. Suppose 3*f = f + u. Let q = f - -88. What is the hundreds digit of q?
1
Suppose 325 = 151*q - 1185. Let p = -951 - -1356. Suppose 0 = l - q*l + p. What is the tens digit of l?
4
Let b be 1*(7 - 9) - 7806*-1. Suppose 15*t - 5396 = b. What is the hundreds digit of t?
8
Let d = 2897 + 1733. What is the hundreds digit of d?
6
Suppose 56*h + 808 = 64*h. Let z = h - -996. What is the tens digit of z?
9
What is the tens digit of ((-21)/(-9) - -7)*(-2)/((-8)/2790)?
1
What is the hundreds digit of 531811/21 + ((-2)/6 - (0 + 0))?
3
Let o(z) = -z**3 - 17*z**2 - 13*z + 34. Let j be o(-16). Let a be 16/4*(-5)/(40/j). Suppose 5*v + 146 = -5*y + a*y, -59 = -y - v. What is the tens digit of y?
6
Let d = -32 + 13365. What is the units digit of d?
3
Suppose 4*z - 18210 = -2*s, 5*s - 7027 - 11192 = -4*z. What is the thousands digit of z?
4
Let c(j) = 166*j**2 + 9*j + 38. What is the units digit of c(-8)?
0
Suppose 5*b - 4*k + 21192 - 59357 = 0, 0 = 3*b - 3*k - 22899. What is the units dig